{"id":783,"date":"2023-12-21T09:36:14","date_gmt":"2023-12-21T08:36:14","guid":{"rendered":"https:\/\/fortis-terra.pl\/?page_id=783"},"modified":"2025-09-01T13:56:16","modified_gmt":"2025-09-01T11:56:16","slug":"dzial-prawny","status":"publish","type":"page","link":"https:\/\/fortis-terra.pl\/?page_id=783","title":{"rendered":"Dzia\u0142 Prawny"},"content":{"rendered":"\t\t<div data-elementor-type=\"wp-page\" data-elementor-id=\"783\" class=\"elementor elementor-783\">\n\t\t\t\t\t\t<section class=\"elementor-section elementor-top-section elementor-element elementor-element-0f673b6 elementor-section-full_width qode_elementor_container_inner elementor-section-height-default elementor-section-height-default parallax_section_no qode-content-aligment-left elementor-invisible\" data-id=\"0f673b6\" data-element_type=\"section\" data-settings=\"{&quot;animation&quot;:&quot;fadeInUp&quot;}\">\n\t\t\t\t\t\t<div class=\"elementor-container elementor-column-gap-default\">\n\t\t\t\t\t<div class=\"elementor-column elementor-col-100 elementor-top-column elementor-element elementor-element-4f3ec89\" data-id=\"4f3ec89\" data-element_type=\"column\">\n\t\t\t<div class=\"elementor-widget-wrap elementor-element-populated\">\n\t\t\t\t\t\t<div class=\"elementor-element elementor-element-195482b elementor-widget elementor-widget-text-editor\" data-id=\"195482b\" data-element_type=\"widget\" data-widget_type=\"text-editor.default\">\n\t\t\t\t<div class=\"elementor-widget-container\">\n\t\t\t\t\t\t\t\t\t<p>Fortis-Terra ma zaszczyt wsp\u00f3\u0142pracowa\u0107 z renomowan\u0105 Kancelari\u0105 Kuczara Ochwat Adwokaci Sp\u00f3\u0142ka Partnerska. Ta partnerska relacja umo\u017cliwia Nam zapewnienie naszym klientom najwy\u017cszej jako\u015bci us\u0142ug prawnych w obszarze inwestycji nieruchomo\u015bciowych oraz prawa rzeczowego.<\/p><p>Kancelaria Kuczara Ochwat Adwokaci Sp\u00f3\u0142ka Partnerska, znana ze swojego profesjonalizmu, do\u015bwiadczenia oraz szerokiej wiedzy prawniczej, stanowi solidne wsparcie dla naszego dzia\u0142u prawnego. Ich ekspertyza pozwala na kompleksow\u0105 obs\u0142ug\u0119 prawno-doradcz\u0105 naszych klient\u00f3w, zapewniaj\u0105c pe\u0142ne wsparcie w procesach inwestycyjnych, regulowaniu stanu prawnego nieruchomo\u015bci oraz prowadzeniu post\u0119powa\u0144 rozgraniczeniowych.<\/p><p>Dzi\u0119ki wsp\u00f3\u0142pracy z Kancelari\u0105 Kuczara Ochwat Adwokaci Sp\u00f3\u0142ka Partnerska, Fortis-Terra mo\u017ce zagwarantowa\u0107 wysok\u0105 jako\u015b\u0107 us\u0142ug prawnych, dostosowanych do indywidualnych potrzeb klient\u00f3w, w celu optymalnego zabezpieczenia ich interes\u00f3w na rynku nieruchomo\u015bci.<\/p>\t\t\t\t\t\t\t\t<\/div>\n\t\t\t\t<\/div>\n\t\t\t\t\t<\/div>\n\t\t<\/div>\n\t\t\t\t\t<\/div>\n\t\t<\/section>\n\t\t\t\t<section class=\"elementor-section elementor-top-section elementor-element elementor-element-54ec9eb elementor-section-full_width qode_elementor_container_inner elementor-section-content-middle elementor-section-height-default elementor-section-height-default parallax_section_no qode-content-aligment-left elementor-invisible\" data-id=\"54ec9eb\" data-element_type=\"section\" data-settings=\"{&quot;animation&quot;:&quot;fadeInUp&quot;}\">\n\t\t\t\t\t\t<div class=\"elementor-container elementor-column-gap-default\">\n\t\t\t\t\t<div class=\"elementor-column elementor-col-50 elementor-top-column elementor-element elementor-element-d632b2c\" data-id=\"d632b2c\" data-element_type=\"column\">\n\t\t\t<div class=\"elementor-widget-wrap elementor-element-populated\">\n\t\t\t\t\t\t<div class=\"elementor-element elementor-element-06c44bd elementor-widget elementor-widget-heading\" data-id=\"06c44bd\" data-element_type=\"widget\" data-widget_type=\"heading.default\">\n\t\t\t\t<div class=\"elementor-widget-container\">\n\t\t\t\t\t<h2 class=\"elementor-heading-title elementor-size-default\">Analiza I Ocena Ryzyka Inwestycyjnego:<\/h2>\t\t\t\t<\/div>\n\t\t\t\t<\/div>\n\t\t\t\t<div class=\"elementor-element elementor-element-20ba9b4 elementor-widget-divider--view-line elementor-widget elementor-widget-divider\" data-id=\"20ba9b4\" data-element_type=\"widget\" data-widget_type=\"divider.default\">\n\t\t\t\t<div class=\"elementor-widget-container\">\n\t\t\t\t\t\t\t<div class=\"elementor-divider\">\n\t\t\t<span class=\"elementor-divider-separator\">\n\t\t\t\t\t\t<\/span>\n\t\t<\/div>\n\t\t\t\t\t\t<\/div>\n\t\t\t\t<\/div>\n\t\t\t\t<div class=\"elementor-element elementor-element-49094d9 elementor-widget elementor-widget-text-editor\" data-id=\"49094d9\" data-element_type=\"widget\" data-widget_type=\"text-editor.default\">\n\t\t\t\t<div class=\"elementor-widget-container\">\n\t\t\t\t\t\t\t\t\t<ol start=\"1\" type=\"1\"><li><b>Systematyczna analiza ryzyka:<\/b> Dzia\u0142 prawny Fortis-Terra dokonuje systematycznej analizy ryzyka zwi\u0105zanego z ka\u017cd\u0105 inwestycj\u0105 nieruchomo\u015bciow\u0105, identyfikuj\u0105c potencjalne zagro\u017cenia prawne, takie jak problemy z tytu\u0142ami w\u0142asno\u015bci, zobowi\u0105zania prawne czy zgodno\u015b\u0107 z przepisami.<\/li><li><b>Wsparcie w planowaniu inwestycji:<\/b> Udzielanie kompleksowego wsparcia prawnego na etapie planowania inwestycji, uczestniczenie w negocjacjach um\u00f3w oraz tworzenie strategii prawnych zapewniaj\u0105cych zgodno\u015b\u0107 z obowi\u0105zuj\u0105cymi przepisami i minimalizacj\u0119 ryzyka.\u00a0<\/li><\/ol>\t\t\t\t\t\t\t\t<\/div>\n\t\t\t\t<\/div>\n\t\t\t\t\t<\/div>\n\t\t<\/div>\n\t\t\t\t<div class=\"elementor-column elementor-col-50 elementor-top-column elementor-element elementor-element-f7dc4dd\" data-id=\"f7dc4dd\" data-element_type=\"column\">\n\t\t\t<div class=\"elementor-widget-wrap elementor-element-populated\">\n\t\t\t\t\t\t<div class=\"elementor-element elementor-element-37fda66 elementor-widget elementor-widget-image\" data-id=\"37fda66\" data-element_type=\"widget\" data-widget_type=\"image.default\">\n\t\t\t\t<div class=\"elementor-widget-container\">\n\t\t\t\t\t\t\t\t\t\t\t\t\t\t\t<img fetchpriority=\"high\" decoding=\"async\" width=\"1024\" height=\"768\" src=\"https:\/\/fortis-terra.pl\/wp-content\/uploads\/2024\/01\/natalin1-1024x768.jpg\" class=\"attachment-large size-large wp-image-866\" alt=\"\" srcset=\"https:\/\/fortis-terra.pl\/wp-content\/uploads\/2024\/01\/natalin1-1024x768.jpg 1024w, https:\/\/fortis-terra.pl\/wp-content\/uploads\/2024\/01\/natalin1-300x225.jpg 300w, https:\/\/fortis-terra.pl\/wp-content\/uploads\/2024\/01\/natalin1-768x576.jpg 768w, https:\/\/fortis-terra.pl\/wp-content\/uploads\/2024\/01\/natalin1-1536x1152.jpg 1536w, https:\/\/fortis-terra.pl\/wp-content\/uploads\/2024\/01\/natalin1-800x600.jpg 800w, https:\/\/fortis-terra.pl\/wp-content\/uploads\/2024\/01\/natalin1-700x525.jpg 700w, https:\/\/fortis-terra.pl\/wp-content\/uploads\/2024\/01\/natalin1-1100x825.jpg 1100w, https:\/\/fortis-terra.pl\/wp-content\/uploads\/2024\/01\/natalin1.jpg 1600w\" sizes=\"(max-width: 1024px) 100vw, 1024px\" \/>\t\t\t\t\t\t\t\t\t\t\t\t\t\t\t<\/div>\n\t\t\t\t<\/div>\n\t\t\t\t\t<\/div>\n\t\t<\/div>\n\t\t\t\t\t<\/div>\n\t\t<\/section>\n\t\t\t\t<section class=\"elementor-section elementor-top-section elementor-element elementor-element-e21cf5f elementor-section-full_width qode_elementor_container_inner elementor-section-content-middle elementor-section-height-default elementor-section-height-default parallax_section_no qode-content-aligment-left elementor-invisible\" data-id=\"e21cf5f\" data-element_type=\"section\" data-settings=\"{&quot;animation&quot;:&quot;fadeInUp&quot;}\">\n\t\t\t\t\t\t<div class=\"elementor-container elementor-column-gap-default\">\n\t\t\t\t\t<div class=\"elementor-column elementor-col-50 elementor-top-column elementor-element elementor-element-5b5acbd\" data-id=\"5b5acbd\" data-element_type=\"column\">\n\t\t\t<div class=\"elementor-widget-wrap elementor-element-populated\">\n\t\t\t\t\t\t<div class=\"elementor-element elementor-element-abfc7f4 elementor-widget elementor-widget-image\" data-id=\"abfc7f4\" data-element_type=\"widget\" data-widget_type=\"image.default\">\n\t\t\t\t<div class=\"elementor-widget-container\">\n\t\t\t\t\t\t\t\t\t\t\t\t\t\t\t<img decoding=\"async\" width=\"1024\" height=\"768\" src=\"https:\/\/fortis-terra.pl\/wp-content\/uploads\/2024\/01\/natalin13-1024x768.jpg\" class=\"attachment-large size-large wp-image-878\" alt=\"\" srcset=\"https:\/\/fortis-terra.pl\/wp-content\/uploads\/2024\/01\/natalin13-1024x768.jpg 1024w, https:\/\/fortis-terra.pl\/wp-content\/uploads\/2024\/01\/natalin13-300x225.jpg 300w, https:\/\/fortis-terra.pl\/wp-content\/uploads\/2024\/01\/natalin13-768x576.jpg 768w, https:\/\/fortis-terra.pl\/wp-content\/uploads\/2024\/01\/natalin13-1536x1152.jpg 1536w, https:\/\/fortis-terra.pl\/wp-content\/uploads\/2024\/01\/natalin13-800x600.jpg 800w, https:\/\/fortis-terra.pl\/wp-content\/uploads\/2024\/01\/natalin13-700x525.jpg 700w, https:\/\/fortis-terra.pl\/wp-content\/uploads\/2024\/01\/natalin13-1100x825.jpg 1100w, https:\/\/fortis-terra.pl\/wp-content\/uploads\/2024\/01\/natalin13.jpg 1600w\" sizes=\"(max-width: 1024px) 100vw, 1024px\" \/>\t\t\t\t\t\t\t\t\t\t\t\t\t\t\t<\/div>\n\t\t\t\t<\/div>\n\t\t\t\t\t<\/div>\n\t\t<\/div>\n\t\t\t\t<div class=\"elementor-column elementor-col-50 elementor-top-column elementor-element elementor-element-f6900fc\" data-id=\"f6900fc\" data-element_type=\"column\">\n\t\t\t<div class=\"elementor-widget-wrap elementor-element-populated\">\n\t\t\t\t\t\t<div class=\"elementor-element elementor-element-eb9421f elementor-widget elementor-widget-heading\" data-id=\"eb9421f\" data-element_type=\"widget\" data-widget_type=\"heading.default\">\n\t\t\t\t<div class=\"elementor-widget-container\">\n\t\t\t\t\t<h2 class=\"elementor-heading-title elementor-size-default\">Due Diligence Prawny:<\/h2>\t\t\t\t<\/div>\n\t\t\t\t<\/div>\n\t\t\t\t<div class=\"elementor-element elementor-element-e5e547f elementor-widget-divider--view-line elementor-widget elementor-widget-divider\" data-id=\"e5e547f\" data-element_type=\"widget\" data-widget_type=\"divider.default\">\n\t\t\t\t<div class=\"elementor-widget-container\">\n\t\t\t\t\t\t\t<div class=\"elementor-divider\">\n\t\t\t<span class=\"elementor-divider-separator\">\n\t\t\t\t\t\t<\/span>\n\t\t<\/div>\n\t\t\t\t\t\t<\/div>\n\t\t\t\t<\/div>\n\t\t\t\t<div class=\"elementor-element elementor-element-56ad7cb elementor-widget elementor-widget-text-editor\" data-id=\"56ad7cb\" data-element_type=\"widget\" data-widget_type=\"text-editor.default\">\n\t\t\t\t<div class=\"elementor-widget-container\">\n\t\t\t\t\t\t\t\t\t<ol start=\"1\" type=\"1\"><li><b>Kompleksowa analiza dokumentacji:<\/b>\u00a0Koordynacja i przeprowadzanie due diligence prawnych w celu identyfikacji ewentualnych problem\u00f3w prawnych i zagro\u017ce\u0144 dla projektu.<\/li><li><b>Zarz\u0105dzanie zgodno\u015bci\u0105 i monitorowanie zmian prawnych:<\/b>\u00a0Sta\u0142e monitorowanie przepis\u00f3w prawnych zwi\u0105zanych z bran\u017c\u0105 nieruchomo\u015bciow\u0105 oraz zapewnienie zgodno\u015bci dzia\u0142a\u0144 firmy z obowi\u0105zuj\u0105cymi przepisami i regulacjami.<\/li><\/ol>\t\t\t\t\t\t\t\t<\/div>\n\t\t\t\t<\/div>\n\t\t\t\t\t<\/div>\n\t\t<\/div>\n\t\t\t\t\t<\/div>\n\t\t<\/section>\n\t\t\t\t<section class=\"elementor-section elementor-top-section elementor-element elementor-element-89e75c5 elementor-section-full_width qode_elementor_container_inner elementor-section-content-middle elementor-section-height-default elementor-section-height-default parallax_section_no qode-content-aligment-left elementor-invisible\" data-id=\"89e75c5\" data-element_type=\"section\" data-settings=\"{&quot;animation&quot;:&quot;fadeInUp&quot;}\">\n\t\t\t\t\t\t<div class=\"elementor-container elementor-column-gap-default\">\n\t\t\t\t\t<div class=\"elementor-column elementor-col-50 elementor-top-column elementor-element elementor-element-feb447c\" data-id=\"feb447c\" data-element_type=\"column\">\n\t\t\t<div class=\"elementor-widget-wrap elementor-element-populated\">\n\t\t\t\t\t\t<div class=\"elementor-element elementor-element-f175d4f elementor-widget elementor-widget-heading\" data-id=\"f175d4f\" data-element_type=\"widget\" data-widget_type=\"heading.default\">\n\t\t\t\t<div class=\"elementor-widget-container\">\n\t\t\t\t\t<h2 class=\"elementor-heading-title elementor-size-default\">Audyt I Nadz\u00f3r Nad Procesami:<\/h2>\t\t\t\t<\/div>\n\t\t\t\t<\/div>\n\t\t\t\t<div class=\"elementor-element elementor-element-8176211 elementor-widget-divider--view-line elementor-widget elementor-widget-divider\" data-id=\"8176211\" data-element_type=\"widget\" data-widget_type=\"divider.default\">\n\t\t\t\t<div class=\"elementor-widget-container\">\n\t\t\t\t\t\t\t<div class=\"elementor-divider\">\n\t\t\t<span class=\"elementor-divider-separator\">\n\t\t\t\t\t\t<\/span>\n\t\t<\/div>\n\t\t\t\t\t\t<\/div>\n\t\t\t\t<\/div>\n\t\t\t\t<div class=\"elementor-element elementor-element-ab3ee5b elementor-widget elementor-widget-text-editor\" data-id=\"ab3ee5b\" data-element_type=\"widget\" data-widget_type=\"text-editor.default\">\n\t\t\t\t<div class=\"elementor-widget-container\">\n\t\t\t\t\t\t\t\t\t<ol start=\"1\" type=\"1\"><li><b>Regularne audyty wewn\u0119trzne:<\/b>\u00a0Przeprowadzanie audyt\u00f3w wewn\u0119trznych w celu oceny zgodno\u015bci proces\u00f3w inwestycyjnych z wewn\u0119trznymi i zewn\u0119trznymi przepisami.<\/li><li><b>Rozwi\u0105zywanie spor\u00f3w i reprezentacja prawna:<\/b>\u00a0Aktywne zaanga\u017cowanie w rozwi\u0105zywanie spor\u00f3w i konflikt\u00f3w prawnych zwi\u0105zanych z inwestycjami nieruchomo\u015bciowymi, reprezentacja firmy w procesach s\u0105dowych w przypadku konieczno\u015bci.\u00a0<\/li><\/ol>\t\t\t\t\t\t\t\t<\/div>\n\t\t\t\t<\/div>\n\t\t\t\t\t<\/div>\n\t\t<\/div>\n\t\t\t\t<div class=\"elementor-column elementor-col-50 elementor-top-column elementor-element elementor-element-6a78eb7\" data-id=\"6a78eb7\" data-element_type=\"column\">\n\t\t\t<div class=\"elementor-widget-wrap elementor-element-populated\">\n\t\t\t\t\t\t<div class=\"elementor-element elementor-element-71213d2 elementor-widget elementor-widget-image\" data-id=\"71213d2\" data-element_type=\"widget\" data-widget_type=\"image.default\">\n\t\t\t\t<div class=\"elementor-widget-container\">\n\t\t\t\t\t\t\t\t\t\t\t\t\t\t\t<img decoding=\"async\" width=\"1024\" height=\"682\" src=\"https:\/\/fortis-terra.pl\/wp-content\/uploads\/2024\/01\/natalin104-1024x682.jpg\" class=\"attachment-large size-large wp-image-980\" alt=\"\" srcset=\"https:\/\/fortis-terra.pl\/wp-content\/uploads\/2024\/01\/natalin104-1024x682.jpg 1024w, https:\/\/fortis-terra.pl\/wp-content\/uploads\/2024\/01\/natalin104-300x200.jpg 300w, https:\/\/fortis-terra.pl\/wp-content\/uploads\/2024\/01\/natalin104-768x512.jpg 768w, https:\/\/fortis-terra.pl\/wp-content\/uploads\/2024\/01\/natalin104-1536x1023.jpg 1536w, https:\/\/fortis-terra.pl\/wp-content\/uploads\/2024\/01\/natalin104-700x466.jpg 700w, https:\/\/fortis-terra.pl\/wp-content\/uploads\/2024\/01\/natalin104-1100x733.jpg 1100w, https:\/\/fortis-terra.pl\/wp-content\/uploads\/2024\/01\/natalin104.jpg 1600w\" sizes=\"(max-width: 1024px) 100vw, 1024px\" \/>\t\t\t\t\t\t\t\t\t\t\t\t\t\t\t<\/div>\n\t\t\t\t<\/div>\n\t\t\t\t\t<\/div>\n\t\t<\/div>\n\t\t\t\t\t<\/div>\n\t\t<\/section>\n\t\t\t\t<section class=\"elementor-section elementor-top-section elementor-element elementor-element-71610e4 elementor-section-full_width qode_elementor_container_inner elementor-section-content-middle elementor-section-height-default elementor-section-height-default parallax_section_no qode-content-aligment-left elementor-invisible\" data-id=\"71610e4\" data-element_type=\"section\" data-settings=\"{&quot;animation&quot;:&quot;fadeInUp&quot;}\">\n\t\t\t\t\t\t<div class=\"elementor-container elementor-column-gap-default\">\n\t\t\t\t\t<div class=\"elementor-column elementor-col-50 elementor-top-column elementor-element elementor-element-0867de8\" data-id=\"0867de8\" data-element_type=\"column\">\n\t\t\t<div class=\"elementor-widget-wrap elementor-element-populated\">\n\t\t\t\t\t\t<div class=\"elementor-element elementor-element-5f1b3e3 elementor-widget elementor-widget-image\" data-id=\"5f1b3e3\" data-element_type=\"widget\" data-widget_type=\"image.default\">\n\t\t\t\t<div class=\"elementor-widget-container\">\n\t\t\t\t\t\t\t\t\t\t\t\t\t\t\t<img loading=\"lazy\" decoding=\"async\" width=\"1024\" height=\"768\" src=\"https:\/\/fortis-terra.pl\/wp-content\/uploads\/2024\/01\/natalin8-1024x768.jpg\" class=\"attachment-large size-large wp-image-873\" alt=\"\" srcset=\"https:\/\/fortis-terra.pl\/wp-content\/uploads\/2024\/01\/natalin8-1024x768.jpg 1024w, https:\/\/fortis-terra.pl\/wp-content\/uploads\/2024\/01\/natalin8-300x225.jpg 300w, https:\/\/fortis-terra.pl\/wp-content\/uploads\/2024\/01\/natalin8-768x576.jpg 768w, https:\/\/fortis-terra.pl\/wp-content\/uploads\/2024\/01\/natalin8-1536x1152.jpg 1536w, https:\/\/fortis-terra.pl\/wp-content\/uploads\/2024\/01\/natalin8-800x600.jpg 800w, https:\/\/fortis-terra.pl\/wp-content\/uploads\/2024\/01\/natalin8-700x525.jpg 700w, https:\/\/fortis-terra.pl\/wp-content\/uploads\/2024\/01\/natalin8-1100x825.jpg 1100w, https:\/\/fortis-terra.pl\/wp-content\/uploads\/2024\/01\/natalin8.jpg 1600w\" sizes=\"(max-width: 1024px) 100vw, 1024px\" \/>\t\t\t\t\t\t\t\t\t\t\t\t\t\t\t<\/div>\n\t\t\t\t<\/div>\n\t\t\t\t<div class=\"elementor-element elementor-element-81e8323 elementor-widget elementor-widget-image\" data-id=\"81e8323\" data-element_type=\"widget\" data-widget_type=\"image.default\">\n\t\t\t\t<div class=\"elementor-widget-container\">\n\t\t\t\t\t\t\t\t\t\t\t\t\t\t\t<img loading=\"lazy\" decoding=\"async\" width=\"1024\" height=\"768\" src=\"https:\/\/fortis-terra.pl\/wp-content\/uploads\/2024\/01\/natalin11-1024x768.jpg\" class=\"attachment-large size-large wp-image-876\" alt=\"\" srcset=\"https:\/\/fortis-terra.pl\/wp-content\/uploads\/2024\/01\/natalin11-1024x768.jpg 1024w, https:\/\/fortis-terra.pl\/wp-content\/uploads\/2024\/01\/natalin11-300x225.jpg 300w, https:\/\/fortis-terra.pl\/wp-content\/uploads\/2024\/01\/natalin11-768x576.jpg 768w, https:\/\/fortis-terra.pl\/wp-content\/uploads\/2024\/01\/natalin11-1536x1152.jpg 1536w, https:\/\/fortis-terra.pl\/wp-content\/uploads\/2024\/01\/natalin11-800x600.jpg 800w, https:\/\/fortis-terra.pl\/wp-content\/uploads\/2024\/01\/natalin11-700x525.jpg 700w, https:\/\/fortis-terra.pl\/wp-content\/uploads\/2024\/01\/natalin11-1100x825.jpg 1100w, https:\/\/fortis-terra.pl\/wp-content\/uploads\/2024\/01\/natalin11.jpg 1600w\" sizes=\"(max-width: 1024px) 100vw, 1024px\" \/>\t\t\t\t\t\t\t\t\t\t\t\t\t\t\t<\/div>\n\t\t\t\t<\/div>\n\t\t\t\t\t<\/div>\n\t\t<\/div>\n\t\t\t\t<div class=\"elementor-column elementor-col-50 elementor-top-column elementor-element elementor-element-8904dc5\" data-id=\"8904dc5\" data-element_type=\"column\">\n\t\t\t<div class=\"elementor-widget-wrap elementor-element-populated\">\n\t\t\t\t\t\t<div class=\"elementor-element elementor-element-fe49db8 elementor-widget elementor-widget-heading\" data-id=\"fe49db8\" data-element_type=\"widget\" data-widget_type=\"heading.default\">\n\t\t\t\t<div class=\"elementor-widget-container\">\n\t\t\t\t\t<h2 class=\"elementor-heading-title elementor-size-default\">Aspekt Prawo Rzeczowe i Nieruchomo\u015bci:<\/h2>\t\t\t\t<\/div>\n\t\t\t\t<\/div>\n\t\t\t\t<div class=\"elementor-element elementor-element-b577c7d elementor-widget-divider--view-line elementor-widget elementor-widget-divider\" data-id=\"b577c7d\" data-element_type=\"widget\" data-widget_type=\"divider.default\">\n\t\t\t\t<div class=\"elementor-widget-container\">\n\t\t\t\t\t\t\t<div class=\"elementor-divider\">\n\t\t\t<span class=\"elementor-divider-separator\">\n\t\t\t\t\t\t<\/span>\n\t\t<\/div>\n\t\t\t\t\t\t<\/div>\n\t\t\t\t<\/div>\n\t\t\t\t<div class=\"elementor-element elementor-element-c012397 elementor-widget elementor-widget-text-editor\" data-id=\"c012397\" data-element_type=\"widget\" data-widget_type=\"text-editor.default\">\n\t\t\t\t<div class=\"elementor-widget-container\">\n\t\t\t\t\t\t\t\t\t<h4>Regulowanie stanu prawnego nieruchomo\u015bci:<\/h4><ol start=\"1\" type=\"1\"><li><b>Kompleksowa analiza dokument\u00f3w:<\/b>\u00a0Zapewnienie kompleksowej analizy dokument\u00f3w dotycz\u0105cych nieruchomo\u015bci w celu ustalenia i regulowania stanu prawnego, w tym weryfikacj\u0119 tytu\u0142\u00f3w w\u0142asno\u015bciowych, hipotek, s\u0142u\u017cebno\u015bci i innych ogranicze\u0144.<\/li><li><b>Obs\u0142uga post\u0119powa\u0144 o zasiedzenie i uw\u0142aszczeniowych:<\/b>\u00a0Obs\u0142uga post\u0119powa\u0144\u00a0zwi\u0105zanych z zasiedzeniem nieruchomo\u015bci\u00a0i uregulowaniem w\u0142asno\u015bci gospodarstw rolnych (uw\u0142aszczeniem)\u00a0oraz doradztwo w przypadku ewentualnych spor\u00f3w, zapewniaj\u0105c zgodno\u015b\u0107 z obowi\u0105zuj\u0105cym prawem.<\/li><li><b>Prowadzenie post\u0119powa\u0144 rozgraniczeniowych:<\/b>\u00a0Wsparcie w post\u0119powaniach\u00a0rozgraniczeniowych nieruchomo\u015bci, w tym pomoc w uzyskaniu decyzji administracyjnych lub s\u0105dowych\u00a0w sprawach dotycz\u0105cych spornego przebiegu\u00a0granic poszczeg\u00f3lnych dzia\u0142ek.<\/li><li><b>Wsparcie w zniesieniu wsp\u00f3\u0142w\u0142asno\u015bci:<\/b>\u00a0Doradztwo i wsparcie prawne w procesach znoszenia wsp\u00f3\u0142w\u0142asno\u015bci nieruchomo\u015bci, w tym sporz\u0105dzanie niezb\u0119dnych dokument\u00f3w prawnych i reprezentacja przed\u00a0s\u0105dami.<\/li><\/ol><p>Dzia\u0142 Prawny w Fortis-Terra pe\u0142ni kluczow\u0105 rol\u0119 nadzoruj\u0105c\u0105 procesy inwestycyjne, dbaj\u0105c o zgodno\u015b\u0107 dzia\u0142a\u0144 z przepisami prawnymi, minimalizuj\u0105c ryzyko oraz chroni\u0105c interesy firmy na ka\u017cdym etapie inwestycji nieruchomo\u015bciowych. Jego szerokie kompetencje obejmuj\u0105 analiz\u0119 ryzyka, due diligence, zarz\u0105dzanie zgodno\u015bci\u0105, audyty wewn\u0119trzne, rozwi\u0105zywanie spor\u00f3w oraz obs\u0142ug\u0119 prawn\u0105 aspekt\u00f3w zwi\u0105zanych z prawem rzeczowym i nieruchomo\u015bciami.<\/p>\t\t\t\t\t\t\t\t<\/div>\n\t\t\t\t<\/div>\n\t\t\t\t\t<\/div>\n\t\t<\/div>\n\t\t\t\t\t<\/div>\n\t\t<\/section>\n\t\t\t\t<\/div>\n\t\t","protected":false},"excerpt":{"rendered":"<p>Fortis-Terra ma zaszczyt wsp\u00f3\u0142pracowa\u0107 z renomowan\u0105 Kancelari\u0105 Kuczara Ochwat Adwokaci Sp\u00f3\u0142ka Partnerska. Ta partnerska relacja umo\u017cliwia Nam zapewnienie naszym klientom najwy\u017cszej jako\u015bci us\u0142ug prawnych w obszarze inwestycji nieruchomo\u015bciowych oraz prawa rzeczowego. Kancelaria Kuczara Ochwat Adwokaci Sp\u00f3\u0142ka Partnerska, znana ze swojego profesjonalizmu, do\u015bwiadczenia oraz szerokiej wiedzy&#8230;<\/p>\n","protected":false},"author":1,"featured_media":0,"parent":0,"menu_order":0,"comment_status":"closed","ping_status":"closed","template":"","meta":{"inline_featured_image":false,"footnotes":""},"class_list":["post-783","page","type-page","status-publish","hentry"],"_links":{"self":[{"href":"https:\/\/fortis-terra.pl\/index.php?rest_route=\/wp\/v2\/pages\/783","targetHints":{"allow":["GET"]}}],"collection":[{"href":"https:\/\/fortis-terra.pl\/index.php?rest_route=\/wp\/v2\/pages"}],"about":[{"href":"https:\/\/fortis-terra.pl\/index.php?rest_route=\/wp\/v2\/types\/page"}],"author":[{"embeddable":true,"href":"https:\/\/fortis-terra.pl\/index.php?rest_route=\/wp\/v2\/users\/1"}],"replies":[{"embeddable":true,"href":"https:\/\/fortis-terra.pl\/index.php?rest_route=%2Fwp%2Fv2%2Fcomments&post=783"}],"version-history":[{"count":19,"href":"https:\/\/fortis-terra.pl\/index.php?rest_route=\/wp\/v2\/pages\/783\/revisions"}],"predecessor-version":[{"id":1024,"href":"https:\/\/fortis-terra.pl\/index.php?rest_route=\/wp\/v2\/pages\/783\/revisions\/1024"}],"wp:attachment":[{"href":"https:\/\/fortis-terra.pl\/index.php?rest_route=%2Fwp%2Fv2%2Fmedia&parent=783"}],"curies":[{"name":"wp","href":"https:\/\/api.w.org\/{rel}","templated":true}]}}